{"id":387,"date":"2023-03-10T14:59:20","date_gmt":"2023-03-10T13:59:20","guid":{"rendered":"http:\/\/dyspraxie-geometrie.fr\/?page_id=387"},"modified":"2023-05-25T11:43:22","modified_gmt":"2023-05-25T09:43:22","slug":"les-membres-du-projet-2","status":"publish","type":"page","link":"https:\/\/dyspraxie-geometrie.fr\/?page_id=387","title":{"rendered":"Les membres du projet"},"content":{"rendered":"\n<p>La r\u00e9ussite du projet suppose de combiner des comp\u00e9tences relatives \u00e0 l\u2019enseignement des math\u00e9matiques, au trouble lui-m\u00eame, et au d\u00e9veloppement du logiciel et de t\u00e2ches.<\/p>\n\n\n\n<div class=\"wp-block-columns is-layout-flex wp-container-core-columns-is-layout-9d6595d7 wp-block-columns-is-layout-flex\">\n<div class=\"wp-block-column is-layout-flow wp-block-column-is-layout-flow\"><div class=\"wp-block-image\">\n<figure class=\"aligncenter size-large is-resized\"><img loading=\"lazy\" decoding=\"async\" src=\"http:\/\/dyspraxie-geometrie.fr\/wp-content\/uploads\/2023\/03\/math-1024x1024.png\" alt=\"\" class=\"wp-image-510\" width=\"164\" height=\"164\" srcset=\"https:\/\/dyspraxie-geometrie.fr\/wp-content\/uploads\/2023\/03\/math-1024x1024.png 1024w, https:\/\/dyspraxie-geometrie.fr\/wp-content\/uploads\/2023\/03\/math-300x300.png 300w, https:\/\/dyspraxie-geometrie.fr\/wp-content\/uploads\/2023\/03\/math-150x150.png 150w, https:\/\/dyspraxie-geometrie.fr\/wp-content\/uploads\/2023\/03\/math-768x768.png 768w, https:\/\/dyspraxie-geometrie.fr\/wp-content\/uploads\/2023\/03\/math.png 1039w\" sizes=\"auto, (max-width: 164px) 100vw, 164px\" \/><\/figure>\n<\/div>\n\n\n<h4 class=\"wp-block-heading has-text-align-center\">Didactiques des math\u00e9matiques<\/h4>\n\n\n\n<p class=\"has-text-align-left\"><strong>Les recherches relatives \u00e0 l&rsquo;enseignement des math\u00e9matiques<\/strong> permettent d&rsquo;\u00e9laborer une ing\u00e9nierie en didactique des math\u00e9matiques et am\u00e8ne une expertise sur l&rsquo;enseignement.<\/p>\n\n\n\n<figure class=\"wp-block-image size-full\"><img loading=\"lazy\" decoding=\"async\" width=\"354\" height=\"354\" src=\"http:\/\/dyspraxie-geometrie.fr\/wp-content\/uploads\/2023\/05\/joris.png\" alt=\"\" class=\"wp-image-568\" srcset=\"https:\/\/dyspraxie-geometrie.fr\/wp-content\/uploads\/2023\/05\/joris.png 354w, https:\/\/dyspraxie-geometrie.fr\/wp-content\/uploads\/2023\/05\/joris-300x300.png 300w, https:\/\/dyspraxie-geometrie.fr\/wp-content\/uploads\/2023\/05\/joris-150x150.png 150w\" sizes=\"auto, (max-width: 354px) 100vw, 354px\" \/><\/figure>\n\n\n\n<div class=\"wp-block-group is-vertical is-layout-flex wp-container-core-group-is-layout-8cf370e7 wp-block-group-is-layout-flex\">\n<p class=\"has-text-align-left\"><strong><mark style=\"background-color:rgba(0, 0, 0, 0);color:#abd0e5\" class=\"has-inline-color\">Joris Mithalal<\/mark><\/strong> &#8211; Enseignant &#8211; Chercheur, Sciences, Soci\u00e9t\u00e9, Historicit\u00e9, Education et Pratiques (S2HEP), UR4148, Universit\u00e9 Lyon 1<\/p>\n<\/div>\n\n\n\n<figure class=\"wp-block-image size-full\"><img loading=\"lazy\" decoding=\"async\" width=\"355\" height=\"355\" src=\"http:\/\/dyspraxie-geometrie.fr\/wp-content\/uploads\/2023\/05\/marie-line.png\" alt=\"\" class=\"wp-image-577\" srcset=\"https:\/\/dyspraxie-geometrie.fr\/wp-content\/uploads\/2023\/05\/marie-line.png 355w, https:\/\/dyspraxie-geometrie.fr\/wp-content\/uploads\/2023\/05\/marie-line-300x300.png 300w, https:\/\/dyspraxie-geometrie.fr\/wp-content\/uploads\/2023\/05\/marie-line-150x150.png 150w\" sizes=\"auto, (max-width: 355px) 100vw, 355px\" \/><\/figure>\n\n\n\n<p><strong><mark style=\"background-color:rgba(0, 0, 0, 0);color:#abd0e5\" class=\"has-inline-color\">Marie-Line Gardes<\/mark><\/strong> &#8211; Enseignante -Chercheuse, Haute Ecole P\u00e9dagogique du canton de Vaud (HEP Vaud)<\/p>\n\n\n\n<figure class=\"wp-block-image size-full\"><img loading=\"lazy\" decoding=\"async\" width=\"355\" height=\"356\" src=\"http:\/\/dyspraxie-geometrie.fr\/wp-content\/uploads\/2023\/05\/ludivine.png\" alt=\"\" class=\"wp-image-571\" srcset=\"https:\/\/dyspraxie-geometrie.fr\/wp-content\/uploads\/2023\/05\/ludivine.png 355w, https:\/\/dyspraxie-geometrie.fr\/wp-content\/uploads\/2023\/05\/ludivine-300x300.png 300w, https:\/\/dyspraxie-geometrie.fr\/wp-content\/uploads\/2023\/05\/ludivine-150x150.png 150w\" sizes=\"auto, (max-width: 355px) 100vw, 355px\" \/><\/figure>\n\n\n\n<p><strong><mark style=\"background-color:rgba(0, 0, 0, 0);color:#abd0e5\" class=\"has-inline-color\">Ludivine Hanssen<\/mark><\/strong> &#8211; Doctorante en didactiques des math\u00e9matiques, Sciences, Soci\u00e9t\u00e9, Historicit\u00e9, Education et Pratiques, UR 4148, Universit\u00e9 Lyon 1<\/p>\n<\/div>\n\n\n\n<div class=\"wp-block-column is-layout-flow wp-block-column-is-layout-flow\"><div class=\"wp-block-image\">\n<figure class=\"aligncenter size-large is-resized\"><img loading=\"lazy\" decoding=\"async\" src=\"http:\/\/dyspraxie-geometrie.fr\/wp-content\/uploads\/2023\/03\/Brain-1024x1024.png\" alt=\"\" class=\"wp-image-511\" width=\"164\" height=\"164\" srcset=\"https:\/\/dyspraxie-geometrie.fr\/wp-content\/uploads\/2023\/03\/Brain-1024x1024.png 1024w, https:\/\/dyspraxie-geometrie.fr\/wp-content\/uploads\/2023\/03\/Brain-300x300.png 300w, https:\/\/dyspraxie-geometrie.fr\/wp-content\/uploads\/2023\/03\/Brain-150x150.png 150w, https:\/\/dyspraxie-geometrie.fr\/wp-content\/uploads\/2023\/03\/Brain-768x768.png 768w, https:\/\/dyspraxie-geometrie.fr\/wp-content\/uploads\/2023\/03\/Brain.png 1039w\" sizes=\"auto, (max-width: 164px) 100vw, 164px\" \/><\/figure>\n<\/div>\n\n\n<h4 class=\"wp-block-heading has-text-align-center\">Neurosciences cognitives<\/h4>\n\n\n\n<p class=\"has-text-align-left\"><strong>Les recherches en neurosciences<\/strong> apportent un \u00e9clairage cognitif et une expertise sur les troubles neurodeveloppementaux et les processesus cogntifs sous jacents aux apprentissages.  <\/p>\n\n\n\n<figure class=\"wp-block-image size-full\"><img loading=\"lazy\" decoding=\"async\" width=\"354\" height=\"354\" src=\"http:\/\/dyspraxie-geometrie.fr\/wp-content\/uploads\/2023\/05\/alice.png\" alt=\"\" class=\"wp-image-573\" srcset=\"https:\/\/dyspraxie-geometrie.fr\/wp-content\/uploads\/2023\/05\/alice.png 354w, https:\/\/dyspraxie-geometrie.fr\/wp-content\/uploads\/2023\/05\/alice-300x300.png 300w, https:\/\/dyspraxie-geometrie.fr\/wp-content\/uploads\/2023\/05\/alice-150x150.png 150w\" sizes=\"auto, (max-width: 354px) 100vw, 354px\" \/><\/figure>\n\n\n\n<p><strong><mark style=\"background-color:rgba(0, 0, 0, 0);color:#f6d40a\" class=\"has-inline-color\">Alice Gomez<\/mark><\/strong> &#8211; HDR, Enseignante &#8211; Chercheuse Centre de Recherche en Neurosciences de Lyon, INSERM \/ CNRS UMR 5292, Universit\u00e9 Lyon 1<\/p>\n\n\n\n<figure class=\"wp-block-image size-full\"><img loading=\"lazy\" decoding=\"async\" width=\"355\" height=\"355\" src=\"http:\/\/dyspraxie-geometrie.fr\/wp-content\/uploads\/2023\/05\/thomas.png\" alt=\"\" class=\"wp-image-572\" srcset=\"https:\/\/dyspraxie-geometrie.fr\/wp-content\/uploads\/2023\/05\/thomas.png 355w, https:\/\/dyspraxie-geometrie.fr\/wp-content\/uploads\/2023\/05\/thomas-300x300.png 300w, https:\/\/dyspraxie-geometrie.fr\/wp-content\/uploads\/2023\/05\/thomas-150x150.png 150w\" sizes=\"auto, (max-width: 355px) 100vw, 355px\" \/><\/figure>\n\n\n\n<p><strong><mark style=\"background-color:rgba(0, 0, 0, 0);color:#f6d40a\" class=\"has-inline-color\">Thomas Gauduel<\/mark><\/strong> &#8211; Doctorant en sciences cognitives, Centre de Recherche en Neurosciences de Lyon, CNRS UMR 5292, Psychologue &#8211; Neuropsychologue<\/p>\n\n\n\n<figure class=\"wp-block-image size-full\"><img loading=\"lazy\" decoding=\"async\" width=\"428\" height=\"428\" src=\"http:\/\/dyspraxie-geometrie.fr\/wp-content\/uploads\/2023\/05\/camille-1.png\" alt=\"\" class=\"wp-image-598\" srcset=\"https:\/\/dyspraxie-geometrie.fr\/wp-content\/uploads\/2023\/05\/camille-1.png 428w, https:\/\/dyspraxie-geometrie.fr\/wp-content\/uploads\/2023\/05\/camille-1-300x300.png 300w, https:\/\/dyspraxie-geometrie.fr\/wp-content\/uploads\/2023\/05\/camille-1-150x150.png 150w\" sizes=\"auto, (max-width: 428px) 100vw, 428px\" \/><\/figure>\n\n\n\n<p><strong><mark style=\"background-color:rgba(0, 0, 0, 0);color:#f6d40a\" class=\"has-inline-color\">Camille Roullet <\/mark><\/strong> &#8211; Ing\u00e9nieur d&rsquo;\u00e9tude, passation en laboratoire et \u00e0 l&rsquo;\u00e9cole <\/p>\n<\/div>\n\n\n\n<div class=\"wp-block-column is-layout-flow wp-block-column-is-layout-flow\"><div class=\"wp-block-image\">\n<figure class=\"aligncenter size-large is-resized\"><img loading=\"lazy\" decoding=\"async\" src=\"http:\/\/dyspraxie-geometrie.fr\/wp-content\/uploads\/2023\/03\/tech-1024x1024.png\" alt=\"\" class=\"wp-image-512\" width=\"164\" height=\"164\" srcset=\"https:\/\/dyspraxie-geometrie.fr\/wp-content\/uploads\/2023\/03\/tech-1024x1024.png 1024w, https:\/\/dyspraxie-geometrie.fr\/wp-content\/uploads\/2023\/03\/tech-300x300.png 300w, https:\/\/dyspraxie-geometrie.fr\/wp-content\/uploads\/2023\/03\/tech-150x150.png 150w, https:\/\/dyspraxie-geometrie.fr\/wp-content\/uploads\/2023\/03\/tech-768x768.png 768w, https:\/\/dyspraxie-geometrie.fr\/wp-content\/uploads\/2023\/03\/tech.png 1040w\" sizes=\"auto, (max-width: 164px) 100vw, 164px\" \/><\/figure>\n<\/div>\n\n\n<h4 class=\"wp-block-heading has-text-align-center\">D\u00e9veloppement technologique<\/h4>\n\n\n<div class=\"wp-block-image\">\n<figure class=\"alignleft size-large is-resized\"><img loading=\"lazy\" decoding=\"async\" src=\"http:\/\/dyspraxie-geometrie.fr\/wp-content\/uploads\/2023\/03\/cabricloud-1024x284.png\" alt=\"\" class=\"wp-image-23\" width=\"437\" height=\"120\" srcset=\"https:\/\/dyspraxie-geometrie.fr\/wp-content\/uploads\/2023\/03\/cabricloud-1024x284.png 1024w, https:\/\/dyspraxie-geometrie.fr\/wp-content\/uploads\/2023\/03\/cabricloud-300x83.png 300w, https:\/\/dyspraxie-geometrie.fr\/wp-content\/uploads\/2023\/03\/cabricloud-768x213.png 768w, https:\/\/dyspraxie-geometrie.fr\/wp-content\/uploads\/2023\/03\/cabricloud-1536x426.png 1536w, https:\/\/dyspraxie-geometrie.fr\/wp-content\/uploads\/2023\/03\/cabricloud-2048x567.png 2048w, https:\/\/dyspraxie-geometrie.fr\/wp-content\/uploads\/2023\/03\/cabricloud-1200x332.png 1200w, https:\/\/dyspraxie-geometrie.fr\/wp-content\/uploads\/2023\/03\/cabricloud-1980x549.png 1980w\" sizes=\"auto, (max-width: 437px) 100vw, 437px\" \/><\/figure>\n<\/div>\n\n\n<p class=\"has-text-align-left\">Gr\u00e2ce \u00e0 ces capacit\u00e9s techniques, ses \u00e9quipes de d\u00e9veloppement et d&rsquo;\u00e9dition, permettent de concr\u00e9tiser l&rsquo;adaptation du logiciel existant sur l&rsquo;appui des recherche scientifiques. <\/p>\n\n\n\n<figure class=\"wp-block-image size-full\"><img loading=\"lazy\" decoding=\"async\" width=\"355\" height=\"354\" src=\"http:\/\/dyspraxie-geometrie.fr\/wp-content\/uploads\/2023\/05\/pierre.png\" alt=\"\" class=\"wp-image-574\" srcset=\"https:\/\/dyspraxie-geometrie.fr\/wp-content\/uploads\/2023\/05\/pierre.png 355w, https:\/\/dyspraxie-geometrie.fr\/wp-content\/uploads\/2023\/05\/pierre-300x300.png 300w, https:\/\/dyspraxie-geometrie.fr\/wp-content\/uploads\/2023\/05\/pierre-150x150.png 150w\" sizes=\"auto, (max-width: 355px) 100vw, 355px\" \/><\/figure>\n\n\n\n<p><strong><mark style=\"background-color:rgba(0, 0, 0, 0)\" class=\"has-inline-color has-nv-c-2-color\">Pierre Laborde<\/mark><\/strong> &#8211; CEO Directeur G\u00e9n\u00e9ral de l&rsquo;EdTech Cabrilog<\/p>\n\n\n\n<figure class=\"wp-block-image size-full\"><img loading=\"lazy\" decoding=\"async\" width=\"356\" height=\"355\" src=\"http:\/\/dyspraxie-geometrie.fr\/wp-content\/uploads\/2023\/05\/colette.png\" alt=\"\" class=\"wp-image-575\" srcset=\"https:\/\/dyspraxie-geometrie.fr\/wp-content\/uploads\/2023\/05\/colette.png 356w, https:\/\/dyspraxie-geometrie.fr\/wp-content\/uploads\/2023\/05\/colette-300x300.png 300w, https:\/\/dyspraxie-geometrie.fr\/wp-content\/uploads\/2023\/05\/colette-150x150.png 150w\" sizes=\"auto, (max-width: 356px) 100vw, 356px\" \/><\/figure>\n\n\n\n<p><strong><mark style=\"background-color:rgba(0, 0, 0, 0)\" class=\"has-inline-color has-nv-c-2-color\">Colette Laborde<\/mark><\/strong> &#8211; Professeur des Universit\u00e9s, HDR, Co-responsable scientifique de la soci\u00e9t\u00e9 Cabrilog<\/p>\n\n\n\n<figure class=\"wp-block-image size-full\"><img loading=\"lazy\" decoding=\"async\" width=\"354\" height=\"355\" src=\"http:\/\/dyspraxie-geometrie.fr\/wp-content\/uploads\/2023\/05\/clara.png\" alt=\"\" class=\"wp-image-576\" srcset=\"https:\/\/dyspraxie-geometrie.fr\/wp-content\/uploads\/2023\/05\/clara.png 354w, https:\/\/dyspraxie-geometrie.fr\/wp-content\/uploads\/2023\/05\/clara-300x300.png 300w, https:\/\/dyspraxie-geometrie.fr\/wp-content\/uploads\/2023\/05\/clara-150x150.png 150w\" sizes=\"auto, (max-width: 354px) 100vw, 354px\" \/><\/figure>\n\n\n\n<p><strong><mark style=\"background-color:rgba(0, 0, 0, 0)\" class=\"has-inline-color has-nv-c-2-color\">Clara Sisco<\/mark><\/strong> &#8211; Charg\u00e9 d&rsquo;\u00e9tude, Master recherche didactique des sciences parcours didactique des math\u00e9matiques<\/p>\n\n\n\n<p> <\/p>\n<\/div>\n<\/div>\n","protected":false},"excerpt":{"rendered":"<p>La r\u00e9ussite du projet suppose de combiner des comp\u00e9tences relatives \u00e0 l\u2019enseignement des math\u00e9matiques, au trouble lui-m\u00eame, et au d\u00e9veloppement du logiciel et de t\u00e2ches. Didactiques des math\u00e9matiques Les recherches relatives \u00e0 l&rsquo;enseignement des math\u00e9matiques permettent d&rsquo;\u00e9laborer une ing\u00e9nierie en didactique des math\u00e9matiques et am\u00e8ne une expertise sur l&rsquo;enseignement. Joris Mithalal &#8211; Enseignant &#8211; Chercheur,&hellip;&nbsp;<a href=\"https:\/\/dyspraxie-geometrie.fr\/?page_id=387\" class=\"\" rel=\"bookmark\">Lire la suite &raquo;<span class=\"screen-reader-text\">Les membres du projet<\/span><\/a><\/p>\n","protected":false},"author":2,"featured_media":506,"parent":0,"menu_order":0,"comment_status":"closed","ping_status":"closed","template":"","meta":{"neve_meta_sidebar":"","neve_meta_container":"","neve_meta_enable_content_width":"","neve_meta_content_width":0,"neve_meta_title_alignment":"","neve_meta_author_avatar":"","neve_post_elements_order":"","neve_meta_disable_header":"","neve_meta_disable_footer":"","neve_meta_disable_title":"","_themeisle_gutenberg_block_has_review":false,"footnotes":""},"class_list":["post-387","page","type-page","status-publish","has-post-thumbnail","hentry"],"_links":{"self":[{"href":"https:\/\/dyspraxie-geometrie.fr\/index.php?rest_route=\/wp\/v2\/pages\/387","targetHints":{"allow":["GET"]}}],"collection":[{"href":"https:\/\/dyspraxie-geometrie.fr\/index.php?rest_route=\/wp\/v2\/pages"}],"about":[{"href":"https:\/\/dyspraxie-geometrie.fr\/index.php?rest_route=\/wp\/v2\/types\/page"}],"author":[{"embeddable":true,"href":"https:\/\/dyspraxie-geometrie.fr\/index.php?rest_route=\/wp\/v2\/users\/2"}],"replies":[{"embeddable":true,"href":"https:\/\/dyspraxie-geometrie.fr\/index.php?rest_route=%2Fwp%2Fv2%2Fcomments&post=387"}],"version-history":[{"count":0,"href":"https:\/\/dyspraxie-geometrie.fr\/index.php?rest_route=\/wp\/v2\/pages\/387\/revisions"}],"wp:featuredmedia":[{"embeddable":true,"href":"https:\/\/dyspraxie-geometrie.fr\/index.php?rest_route=\/wp\/v2\/media\/506"}],"wp:attachment":[{"href":"https:\/\/dyspraxie-geometrie.fr\/index.php?rest_route=%2Fwp%2Fv2%2Fmedia&parent=387"}],"curies":[{"name":"wp","href":"https:\/\/api.w.org\/{rel}","templated":true}]}}